e of 4?
True
Is 1608 a multiple of 3?
True
Is 66 a factor of 7920?
True
Is 12 a factor of 4248?
True
Is 21461 a multiple of 11?
True
Is 11 a factor of 756?
False
Does 13 divide 14049?
False
Is 3267 a multiple of 226?
False
Is 690 a multiple of 10?
True
Is 736 a multiple of 2?
True
Is 2016 a multiple of 8?
True
Is 6084 a multiple of 113?
False
Is 2 a factor of 133?
False
Is 132 a multiple of 6?
True
Does 65 divide 7085?
True
Does 17 divide 25449?
True
Does 4 divide 8?
True
Is 1410 a multiple of 47?
True
Is 141 a factor of 2397?
True
Does 13 divide 3179?
False
Does 14 divide 2422?
True
Is 16 a factor of 158?
False
Is 74 a factor of 697?
False
Is 99 a factor of 4079?
False
Is 150 a multiple of 18?
False
Does 14 divide 795?
False
Does 12 divide 3144?
True
Is 644 a multiple of 4?
True
Is 1591 a multiple of 37?
True
Is 51483 a multiple of 269?
False
Is 51742 a multiple of 13?
False
Is 860 a multiple of 20?
True
Does 3 divide 1367?
False
Is 17088 a multiple of 24?
True
Does 6 divide 246?
True
Does 29 divide 2948?
False
Is 917 a multiple of 9?
False
Is 4139 a multiple of 4?
False
Is 12 a factor of 720?
True
Does 23 divide 12183?
False
Is 2226 a multiple of 116?
False
Is 5298 a multiple of 48?
False
Is 33 a factor of 1277?
False
Is 5 a factor of 305?
True
Is 11 a factor of 859?
False
Is 32 a factor of 1056?
True
Does 38 divide 17278?
False
Does 8 divide 32?
True
Does 26 divide 364?
True
Is 20 a factor of 20600?
True
Is 55593 a multiple of 29?
True
Is 240 a multiple of 12?
True
Is 3 a factor of 186?
True
Is 27300 a multiple of 273?
True
Is 10725 a multiple of 41?
False
Does 31 divide 64945?
True
Is 98 a multiple of 49?
True
Is 2571 a multiple of 40?
False
Is 46032 a multiple of 56?
True
Does 33 divide 3102?
True
Is 162 a factor of 101412?
True
Does 73 divide 942?
False
Does 52 divide 1300?
True
Is 47 a factor of 21526?
True
Is 13 a factor of 1469?
True
Does 5 divide 1899?
False
Is 4170 a multiple of 15?
True
Is 11447 a multiple of 191?
False
Does 28 divide 10780?
True
Is 73052 a multiple of 295?
False
Does 134 divide 5092?
True
Does 46 divide 3496?
True
Does 10 divide 11230?
True
Is 4 a factor of 160?
True
Does 32 divide 1952?
True
Is 270 a factor of 53730?
True
Is 6640 a multiple of 28?
False
Is 9552 a multiple of 118?
False
Is 16 a factor of 1267?
False
Is 10 a factor of 3330?
True
Is 5 a factor of 91?
False
Does 9 divide 5728?
False
Is 10 a factor of 7300?
True
Is 10 a factor of 4870?
True
Is 5 a factor of 5855?
True
Is 31 a factor of 1009?
False
Does 4 divide 14?
False
Does 2 divide 12893?
False
Is 38 a factor of 20111?
False
Is 4319 a multiple of 7?
True
Is 15 a factor of 378?
False
Is 522 a multiple of 58?
True
Does 17 divide 90?
False
Does 40 divide 15323?
False
Does 43 divide 387?
True
Is 23477 a multiple of 12?
False
Is 6385 a multiple of 4?
False
Is 143 a multiple of 7?
False
Is 20 a factor of 3820?
True
Is 87 a factor of 61074?
True
Is 25 a factor of 5357?
False
Is 82875 a multiple of 425?
True
Does 59 divide 4477?
False
Is 1073 a multiple of 5?
False
Does 21 divide 54096?
True
Does 6 divide 2242?
False
Is 158 a factor of 118026?
True
Is 23010 a multiple of 177?
True
Is 7 a factor of 18928?
True
Is 962 a multiple of 13?
True
Is 30 a factor of 3690?
True
Does 121 divide 140481?
True
Does 11 divide 265?
False
Does 6 divide 379?
False
Does 4 divide 2084?
True
Is 8 a factor of 416?
True
Does 9 divide 5706?
True
Is 2241 a multiple of 83?
True
Is 13 a factor of 5447?
True
Is 2 a factor of 66?
True
Does 60 divide 2118?
False
Is 9 a factor of 134?
False
Is 2071 a multiple of 109?
True
Is 114292 a multiple of 70?
False
Is 62317 a multiple of 20?
False
Does 179 divide 179?
True
Is 819 a multiple of 13?
True
Is 90 a factor of 22816?
False
Is 92180 a multiple of 220?
True
Does 13 divide 977?
False
Is 10 a factor of 460?
True
Is 1064 a multiple of 19?
True
Does 177 divide 13516?
False
Is 171 a factor of 82251?
True
Is 19 a factor of 1270?
False
Does 26 divide 1300?
True
Is 121378 a multiple of 14?
False
Does 18 divide 47466?
True
Is 345 a multiple of 3?
True
Is 33703 a multiple of 92?
False
Does 7 divide 492?
False
Is 1704 a multiple of 71?
True
Is 7 a factor of 605?
False
Does 39 divide 1650?
False
Is 53 a factor of 30687?
True
Does 13 divide 3797?
False
Is 19 a factor of 270?
False
Does 10 divide 983?
False
Does 49 divide 722?
False
Does 69 divide 30498?
True
Is 186 a factor of 4679?
False
Is 34 a factor of 6015?
False
Is 19832 a multiple of 182?
False
Is 37 a factor of 1157?
False
Is 17 a factor of 329?
False
Is 163 a multiple of 3?
False
Does 8 divide 328?
True
Does 2 divide 52?
True
Is 2422 a multiple of 92?
False
Is 1280 a multiple of 16?
True
Is 12566 a multiple of 75?
False
Does 12 divide 6504?
True
Is 11 a factor of 75?
False
Does 4 divide 4408?
True
Does 15 divide 14991?
False
Is 33000 a multiple of 88?
True
Does 14 divide 770?
True
Is 5 a factor of 510?
True
Is 142 a multiple of 2?
True
Is 30510 a multiple of 339?
True
Is 535 a multiple of 19?
False
Does 49 divide 63223?
False
Does 38 divide 14344?
False
Does 12 divide 73980?
True
Is 9 a factor of 15120?
True
Does 18 divide 88?
False
Does 19 divide 25878?
True
Is 5941 a multiple of 111?
False
Is 3 a factor of 164?
False
Is 1287 a multiple of 26?
False
Is 26 a factor of 1624?
False
Is 994 a multiple of 3?
False
Is 8542 a multiple of 44?
False
Is 55 a factor of 4225?
False
Is 130 a factor of 23308?
False
Is 7 a factor of 242?
False
Does 27 divide 6124?
False
Is 3205 a multiple of 24?
False
Is 81 a factor of 243?
True
Is 26 a factor of 11218?
False
Does 12 divide 3310?
False
Is 3636 a multiple of 43?
False
Is 4 a factor of 508?
True
Is 353 a multiple of 55?
False
Is 11 a factor of 22?
True
Is 27 a factor of 2963?
False
Is 26048 a multiple of 88?
True
Is 16435 a multiple of 50?
False
Is 231 a factor of 20328?
True
Does 13 divide 3926?
True
Does 26 divide 75244?
True
Is 1260 a multiple of 12?
True
Is 6568 a multiple of 14?
False
Is 17 a factor of 22267?
False
Does 322 divide 44436?
True
Is 12798 a multiple of 162?
True
Is 703 a multiple of 27?
False
Is 472 a multiple of 4?
True
Does 112 divide 2993?
False
Is 36 a factor of 28749?
False
Does 10 divide 4569?
False
Does 22 divide 246?
False
Does 4 divide 897?
False
Does 10 divide 3962?
False
Does 8 divide 31875?
False
Does 14 divide 2184?
True
Does 12 divide 707?
False
Is 23482 a multiple of 41?
False
Does 9 divide 306?
True
Is 114 a factor of 7182?
True
Is 13 a factor of 299?
True
Is 8 a factor of 184?
True
Is 336 a multiple of 14?
True
Is 43 a factor of 10594?
False
Does 2 divide 1083?
False
Does 31 divide 992?
True
Does 92 divide 460?
True
Does 23 divide 540?
False
Is 16 a factor of 73?
False
Is 3 a factor of 429?
True
Does 49 divide 6909?
True
Does 23 divide 14361?
False
Is 600 a multiple of 12?
True
Is 1919 a multiple of 101?
True
Is 7 a factor of 56?
True
Is 1272 a multiple of 6?
True
Does 30 divide 120?
True
Is 12 a factor of 18072?
True
Is 13 a factor of 2275?
True
Is 21 a factor of 84?
True
Is 17 a factor of 2176?
True
Is 4 a factor of 1100?
True
Does 22 divide 8220?
False
Is 31 a factor of 2020?
False
Is 44 a factor of 1316?
False
Is 24 a factor of 13447?
False
Is 398 a multiple of 36?
False
Is 43 a factor of 2925?
False
Is 140 a multiple of 17?
False
Does 51 divide 74970?
True
Is 30 a factor of 1020?
True
Is 9775 a multiple of 85?
True
Is 19 a factor of 45277?
True
Is 18 a factor of 5994?
True
Is 585 a multiple of 15?
True
Does 44 divide 16456?
True
Does 20 divide 1360?
True
Is 8 a factor of 1360?
True
Is 12 a factor of 1185?
False
Does 36 divide 39024?
True
Is 5 a factor of 233?
False
Is 23 a factor of 1725?
True
Does 61 divide 397?
False
Does 30 divide 990?
True
Does 15 divide 870?
True
Is 17 a factor of 32560?
False
Is 3441 a multiple of 42?
False
Is 5239 a multiple of 27?
False
Is 198 even?
True
Is 17 a factor of 497?
False
Is 27 a factor of 7067?
False
Is 5324 a multiple of 11?
True
Is 8 a factor of 5104?
True
Does 234 divide 3251?
False
Is 19 a factor of 4598?
True
Is 78 a factor of 16848?
True
Is 5060 a multiple of 20?
True
Is 40 a factor of 39228?
False
Is 5901 a multiple of 20?
False
Is 58 a factor of 15196?
True
Is 16 a factor of 101?
False
Does 15 divide 681?
False
Is 50158 a multiple of 62?
True
Does 108 divide 7417?
False
I